 5*v - 119 = n*x, -6 - 3 = 3*x. What is the units digit of v?
2
Let m(w) = w - 12. Let f be m(9). Let y be (1 + f)*-1 - 1. Suppose -4 = -5*x + y. What is the units digit of x?
1
Let j = -2 + 6. Suppose 3*f + 12 = -3*m + 39, -j*f + 34 = 3*m. Suppose -5*l = -4*d + f, 3*l = -4*d + 19 - 4. What is the units digit of d?
3
Suppose -40 = -3*h - 1. Suppose -47 = -5*v + h. What is the units digit of v?
2
Let r be -1 + 0 + -21 + 1. Let v be r/(-14)*44/6. Let p = -6 + v. What is the units digit of p?
5
Suppose 4*r - 5*k - 16 = -k, 4*r = -2*k + 4. Suppose -r*p = -0*p - 4. What is the units digit of p?
2
Suppose -4*l - 12 = -4*h - 4, -4*h + 8 = 4*l. Suppose 0 = 6*u - h*u - 8, 4*a + 4*u - 20 = 0. Let g = a - 0. What is the units digit of g?
3
Let m = 78 + -1. What is the tens digit of m?
7
Let h = -1 - -91. Let y be 1/(((-3)/h)/(-1)). Suppose c = -c + y. What is the units digit of c?
5
Let u = -6 + 20. What is the units digit of u?
4
Let m(n) = n + 9. Let b be m(-7). Suppose b*q + z - 32 = 5*z, 0 = 2*z - 2. What is the units digit of q?
8
Let m be 2/(-11) + 1456/22. Suppose -3*n = -o - 47, -2*n + 6*n - m = -2*o. What is the units digit of n?
6
Suppose 2*b = 6 + 30. What is the tens digit of b?
1
Let z = -10 + 18. Let r(v) = 4 + 7*v - z*v + 3. What is the units digit of r(4)?
3
What is the tens digit of (-208)/12*(-9)/3?
5
Suppose -4*i = -83 - 13. Suppose -l - 3*l + i = 0. What is the units digit of l?
6
Suppose 0*m - 3*m - 3*p + 63 = 0, -p + 37 = 2*m. What is the units digit of m?
6
Suppose 0 = -3*p - 0*y + 5*y + 2711, -2*p = -3*y - 1807. Suppose 287 - p = 5*z. What is the tens digit of z/(-9) - (-3)/9?
1
Let n = 125 - 62. Suppose 2*f = -f - n. Let s = f - -38. What is the tens digit of s?
1
Let a = 9 + 18. What is the tens digit of a?
2
What is the tens digit of -1 + 22 + (4 - 8)?
1
Let j = 180 - 125. What is the units digit of j?
5
Let a be 8/((-1)/1) - 0. Let s = 3 - a. What is the units digit of s/2 + 3/(-6)?
5
Let j(h) = h**3 - 2*h**2 + 4*h - 3. What is the units digit of j(3)?
8
Let z = 7 + -4. Suppose -117 = -0*k - z*k. What is the units digit of k?
9
Let o(h) = h**2 + h - 1. Let r(t) = -5*t**2 - 2*t + 4. Let l(c) = -4*o(c) - r(c). Suppose 2*a - 3*k + 0*k = -6, -k = -2*a - 6. What is the tens digit of l(a)?
1
Let i(z) = -4*z**2 + 3*z - 4. Let t = 3 - 1. Let l(f) = -3*f**2 + 3*f - 3. Let j(b) = t*i(b) - 3*l(b). What is the units digit of j(3)?
1
Suppose 0 = -2*f + 149 - 51. Suppose -2*u - 2 = 2*g, 5*u + 0*u - f = 4*g. What is the units digit of 54/10 - g/(-15)?
5
Suppose o - 4 = 2*o. Let t be o/22 - (-237)/33. Suppose 2*x = 3*u + 11, -3*u - t = 3*x - 46. What is the units digit of x?
0
Suppose -4*k - 4*o - 3 = -o, 4*k - 4*o = 32. Suppose 2*a - 15 = k. What is the units digit of a?
9
Suppose 3*f - 41 = -2*r, 0*f - 4*r + 14 = 2*f. Let z = f + 3. What is the units digit of (16/z)/((-4)/(-30))?
6
Let i(a) = -8*a + 10. What is the tens digit of i(-8)?
7
Suppose 17 = 2*g - j, 2*g - 4*j = 3*g + 14. What is the units digit of g?
6
Let a(s) = -s**2 - 11*s. Let g be a(-9). Suppose 2*b = 5*b + g. What is the units digit of (8/b)/(3/(-9))?
4
What is the tens digit of (31/5 - 5)/(1/65)?
7
Let p(s) = 11*s + 2. What is the tens digit of p(5)?
5
Let i be 2/6 - 20/(-12). Let b be 0/(3/(-3) - -2). Suppose -5*t + b*h + 14 = i*h, 2*t = -2*h + 8. What is the units digit of t?
2
Let l = -263 - -385. What is the units digit of l?
2
Let i(j) = -12*j + 16. What is the tens digit of i(-4)?
6
Let v = -21 - -37. What is the units digit of v?
6
Let h(m) = m**2 - 9*m + 11. Let f be h(8). Suppose -f*n - 12 = 0, 0*s + 4*s - 56 = 5*n. What is the units digit of s?
9
Let w(a) be the second derivative of a**5/20 - a**4/12 + a**3/6 + 4*a. Let m be w(2). What is the tens digit of 15/10*56/m?
1
Suppose 15 = -3*z + 3*f, -3*z - 8 = -4*f + 10. Let p be 2/(2*(-2)/z). Suppose 13 + p = 2*o. What is the units digit of o?
7
Let o be 2 + (-1 - -2) + 0. Suppose -3*c = 3*g - c - 5, 2*g + o*c = 10. What is the units digit of 8 - (0/1)/g?
8
Let f be -12 - -11 - (24 - -1). Let o = 36 + f. What is the units digit of o?
0
Let j = -1 + 2. Suppose 5*g = 9 + j. Suppose 0 = -3*r - g*r + 10. What is the units digit of r?
2
Suppose -5*u + 7 = 22. Let v = 8 - u. Suppose -2*z - 3*t = v, -19 - 11 = -5*z + 4*t. What is the units digit of z?
2
Let m be (-5 - -3)*(3 - 10). Suppose -2*h + 4*u = -7*h + m, -3*u = 12. What is the units digit of h?
6
Let n = 82 - 15. What is the tens digit of n?
6
Let d be -2*(10/(-4) + -2). Let w = -2 + d. What is the units digit of w?
7
Suppose 0*q = 3*j - 2*q - 184, -308 = -5*j + 4*q. What is the tens digit of j?
6
Let t be 74*(-2)/(-4) - -2. Suppose 3*q + 5*h + 5 = -0*h, 18 = 2*q - 2*h. Suppose q*i + 5 = 0, 4*z - i = -2*i + t. What is the tens digit of z?
1
Let o be 3 + (21 - 0) + 0. What is the units digit of (o/42)/(1/7)?
4
Let j = 5 - 8. Let u(v) = -14*v**2 + 14*v - 12. Let c(i) = 5*i**2 - 5*i + 4. Let n(o) = 17*c(o) + 6*u(o). What is the units digit of n(j)?
8
Suppose 2 + 7 = -4*c + r, -4*c - 15 = r. Let k = 2 + c. What is the units digit of 1/(k + (-5)/(-4))?
4
What is the units digit of ((-65)/(-20))/(1/4)?
3
Suppose 5*z = -5*p - 40, 1 = -p + 4*z - 2. Let u = -12 + 24. Let j = p + u. What is the units digit of j?
5
Let g(x) = -x**3 - x**2 - 2*x - 2. Let b be g(-2). Suppose 0 = -2*n - b*z + 2*z + 16, 0 = 4*n + 2*z - 20. What is the units digit of n?
4
Let b = 50 - -12. What is the units digit of b?
2
Let n(f) be the second derivative of f + 1/2*f**3 + 0 + 1/12*f**4 + 1/2*f**2. What is the units digit of n(-5)?
1
Let q = -73 + 145. What is the units digit of q?
2
Let d = 9 + -3. Let j(a) = a**3 - 7*a**2 + 5*a + 8. Let n be j(d). Suppose -n*p - 50 = -7*p. What is the units digit of p?
0
What is the units digit of 120/2 + (5 - 5)?
0
Suppose -2*h - 6 = -4*h. Suppose 0 = -5*t + 4*q - 20 + 96, -48 = -5*t - h*q. What is the units digit of t?
2
Suppose 0 = -4*a - 8, -3*i - 32 - 29 = 5*a. Let z = 29 + i. What is the units digit of z?
2
Let r(i) be the first derivative of -i**3/3 - 2*i**2 + 6*i - 3. Let t be r(-5). What is the units digit of 4 + 1 - (t + 1)?
3
Let y(h) = -43*h**3 - 3*h**2 - 2*h + 1. What is the units digit of y(-2)?
7
Let q = 10 - 3. Let j be 4/14 - (-12)/q. Suppose -3*u = -4*v - 7, -2*u + j*v + 0*v = -8. What is the units digit of u?
9
Let p(d) = 2*d**2 + 2*d + 1. Let v = 13 - 9. Suppose v*g + 0*g + 4 = 0. What is the units digit of p(g)?
1
Let f be 21*(-1 + -1 - -3). Suppose 3*y - f = -b, 0*b = -4*b - 3*y + 84. What is the units digit of b?
1
Let s be 20/(-8)*(-8)/10. Suppose -5*f + 8 = t - 0*f, -6 = s*f. Suppose t = 2*o + 5. What is the units digit of o?
9
Let t be (96/(-56))/((-2)/7). Suppose -f - 3*m + 4 = 0, 2*f - t*f = 4*m - 32. What is the units digit of f?
0
Let d be (-2 - 21)/((-1)/12). What is the units digit of ((-2)/(-6))/(4/d)?
3
Let g(w) = w**3 + 6*w**2 + w + 4. Let o be g(-5). Suppose -5*m = -m - o. What is the units digit of m?
6
Suppose 2*b - 94 - 72 = 0. What is the tens digit of b?
8
Suppose 0 = -3*y - 4*f + 88, -3*f - 12 + 120 = 4*y. What is the units digit of y?
4
Let s(n) = 11*n - 69. What is the units digit of s(13)?
4
Suppose 0 = t - 3*w - 5 + 1, -4*w + 80 = 4*t. What is the units digit of t?
6
Suppose 3*x = 6*x - 9. Suppose -2*g = -x*g. Suppose 4*c + 5*a - 84 = -28, 4*c + a - 72 = g. What is the tens digit of c?
1
What is the units digit of (-3 + 8)/(1*1/11)?
5
Suppose -6*q + 2*q + 5*r + 18 = 0, 0 = -q - 2*r - 2. What is the tens digit of (0 + (1 - q))*-13?
1
Suppose 209 = 4*i + 25. What is the tens digit of i?
4
Suppose 0*j + 2*j + 7 = 5*p, -4*j + 31 = 5*p. Suppose 57 = 4*b + j*s - s, b - 6 = 2*s. What is the tens digit of b?
1
Let q = -51 - -194. What is the tens digit of q?
4
Let y(t) = 3*t + 6. Let n be y(6). Suppose 4 - 2 = -w + 2*d, 3*w = -4*d + n. What is the units digit of w?
4
Suppose -4*t = -7 - 5. Let z(v) = v**2 - v - 3. Let y be z(t). Suppose l - 5*m = 13, -4*l + 2*m - y*m = -10. What is the units digit of l?
3
Suppose 0 = -4*p + 5*p - 7. Suppose 0 = 3*x - 22 + p. What is the units digit of x?
5
Suppose 2*h - 3*h + 8 = 0. Let g(o) = -o**2 + 8*o + 2. What is the units digit of g(h)?
2
Suppose 3*c + 14 = 2*f, -3*c + 3 = -5*f + 29. Suppose -2*n + f = -6. What is the units digit of n?
5
Suppose -10 + 3 = t. Let s = -5 - t. Suppose s